{"id":981,"date":"2015-06-28T11:08:08","date_gmt":"2015-06-28T11:08:08","guid":{"rendered":"http:\/\/zstrumiejki.pl\/?page_id=981"},"modified":"2015-06-28T11:08:08","modified_gmt":"2015-06-28T11:08:08","slug":"najlepsi-uczniowie-sp-20142015","status":"publish","type":"page","link":"http:\/\/zstrumiejki.pl\/?page_id=981","title":{"rendered":"Najlepsi uczniowie SP 2014\/2015"},"content":{"rendered":"<table border=\"0\">\n<tbody>\n<tr>\n<td colspan=\"2\">klasa I \u2013 wychowawca mgr Irena Ro\u017cniak<\/td>\n<\/tr>\n<tr>\n<td colspan=\"2\">Nazwisko i imi\u0119<\/td>\n<\/tr>\n<tr>\n<td colspan=\"2\">Laskowski Oliwier<\/td>\n<\/tr>\n<tr>\n<td colspan=\"2\">W\u0119grecka Julia<\/td>\n<\/tr>\n<tr>\n<td colspan=\"2\">Mierzwicki Micha\u0142<\/td>\n<\/tr>\n<\/tbody>\n<\/table>\n<table border=\"0\">\n<tbody>\n<tr>\n<td colspan=\"2\">klasa II \u2013 wychowawca mgr Marzena Urba\u0144ska<\/td>\n<\/tr>\n<tr>\n<td colspan=\"2\">Nazwisko i imi\u0119<\/td>\n<\/tr>\n<tr>\n<td colspan=\"2\">Bluj Zuzanna<\/td>\n<\/tr>\n<tr>\n<td colspan=\"2\">Cetnerowski Sebastian<\/td>\n<\/tr>\n<\/tbody>\n<\/table>\n<table border=\"0\">\n<tbody>\n<tr>\n<td colspan=\"2\">klasa III \u2013 wychowawca mgr Anna Kurowska<\/td>\n<\/tr>\n<tr>\n<td colspan=\"2\">Nazwisko i imi\u0119<\/td>\n<\/tr>\n<tr>\n<td colspan=\"2\">Janczuk Damian<\/td>\n<\/tr>\n<tr>\n<td colspan=\"2\">Miko\u0142ajk\u00f3w Julia<\/td>\n<\/tr>\n<tr>\n<td colspan=\"2\">Serafinowicz Igor<\/td>\n<\/tr>\n<tr>\n<td colspan=\"2\">Pajewska Patrycja<\/td>\n<\/tr>\n<\/tbody>\n<\/table>\n<table border=\"0\">\n<tbody>\n<tr>\n<td colspan=\"2\">klasa IV \u2013 wychowawca mgr Zofia Marciniak-Szybkowska<\/td>\n<\/tr>\n<tr>\n<td>Nazwisko i imi\u0119<\/td>\n<td style=\"text-align: right;\">\u015brednia ocen<\/td>\n<\/tr>\n<tr>\n<td>Tch\u00f3rz Klaudia<\/td>\n<td style=\"text-align: right;\">5,1<\/td>\n<\/tr>\n<tr>\n<td>Bylicka Amelia<\/td>\n<td style=\"text-align: right;\">5,0<\/td>\n<\/tr>\n<tr>\n<td>Malicka Amelia<\/td>\n<td style=\"text-align: right;\">4,8<\/td>\n<\/tr>\n<tr>\n<td>Prusek Karol<\/td>\n<td style=\"text-align: right;\">4,8<\/td>\n<\/tr>\n<\/tbody>\n<\/table>\n<table border=\"0\">\n<tbody>\n<tr>\n<td colspan=\"2\">klasa V \u2013 wychowawca mgr Natalia Chrze\u015bcija\u0144ska- Pie\u0144<\/td>\n<\/tr>\n<tr>\n<td>Nazwisko i imi\u0119<\/td>\n<td style=\"text-align: right;\">\u015brednia ocen<\/td>\n<\/tr>\n<tr>\n<td>Ruci\u0144ski Konrad<\/td>\n<td style=\"text-align: right;\">5,4<\/td>\n<\/tr>\n<tr>\n<td>Sabiszewska Beata<\/td>\n<td style=\"text-align: right;\">4,9<\/td>\n<\/tr>\n<tr>\n<td>Gadecki Kamil<\/td>\n<td style=\"text-align: right;\">4,9<\/td>\n<\/tr>\n<tr>\n<td>Wawer Bartosz<\/td>\n<td style=\"text-align: right;\">4,8<\/td>\n<\/tr>\n<\/tbody>\n<\/table>\n<table border=\"0\">\n<tbody>\n<tr>\n<td colspan=\"2\">klasa VI \u2013 wychowawca mgr Krystyna Hnatyszyn<\/td>\n<\/tr>\n<tr>\n<td>Nazwisko i imi\u0119<\/td>\n<td style=\"text-align: right;\">\u015brednia ocen<\/td>\n<\/tr>\n<tr>\n<td>Lessner Wiktoria<\/td>\n<td style=\"text-align: right;\">5,0<\/td>\n<\/tr>\n<tr>\n<td>Malicka Wiktoria<\/td>\n<td style=\"text-align: right;\">4,8<\/td>\n<\/tr>\n<\/tbody>\n<\/table>\n<p>&nbsp;<\/p>\n","protected":false},"excerpt":{"rendered":"<p>klasa I \u2013 wychowawca mgr Irena Ro\u017cniak Nazwisko i imi\u0119 Laskowski Oliwier W\u0119grecka Julia Mierzwicki Micha\u0142 klasa II \u2013 wychowawca mgr Marzena Urba\u0144ska Nazwisko i imi\u0119 Bluj Zuzanna Cetnerowski Sebastian<\/p>\n","protected":false},"author":1,"featured_media":0,"parent":0,"menu_order":0,"comment_status":"closed","ping_status":"closed","template":"","meta":{"footnotes":""},"class_list":["post-981","page","type-page","status-publish","hentry"],"_links":{"self":[{"href":"http:\/\/zstrumiejki.pl\/index.php?rest_route=\/wp\/v2\/pages\/981","targetHints":{"allow":["GET"]}}],"collection":[{"href":"http:\/\/zstrumiejki.pl\/index.php?rest_route=\/wp\/v2\/pages"}],"about":[{"href":"http:\/\/zstrumiejki.pl\/index.php?rest_route=\/wp\/v2\/types\/page"}],"author":[{"embeddable":true,"href":"http:\/\/zstrumiejki.pl\/index.php?rest_route=\/wp\/v2\/users\/1"}],"replies":[{"embeddable":true,"href":"http:\/\/zstrumiejki.pl\/index.php?rest_route=%2Fwp%2Fv2%2Fcomments&post=981"}],"version-history":[{"count":1,"href":"http:\/\/zstrumiejki.pl\/index.php?rest_route=\/wp\/v2\/pages\/981\/revisions"}],"predecessor-version":[{"id":984,"href":"http:\/\/zstrumiejki.pl\/index.php?rest_route=\/wp\/v2\/pages\/981\/revisions\/984"}],"wp:attachment":[{"href":"http:\/\/zstrumiejki.pl\/index.php?rest_route=%2Fwp%2Fv2%2Fmedia&parent=981"}],"curies":[{"name":"wp","href":"https:\/\/api.w.org\/{rel}","templated":true}]}}