{"id":3585,"date":"2024-09-15T08:23:10","date_gmt":"2024-09-15T08:23:10","guid":{"rendered":"http:\/\/zstrumiejki.pl\/?page_id=3585"},"modified":"2025-10-05T09:13:25","modified_gmt":"2025-10-05T09:13:25","slug":"psycholog-szkolny","status":"publish","type":"page","link":"http:\/\/zstrumiejki.pl\/?page_id=3585","title":{"rendered":"Psycholog szkolny"},"content":{"rendered":"<p>PSYCHOLOG: P. PATRYCJA KOKOSZKA<\/p>\n<p>Godziny pracy PSYCHOLOGA w roku szkolnym 2025\/2026.<\/p>\n<p>Dni tygodnia i godziny pracy<br \/>\nCZWARTEK 8.00-14.00<br \/>\nPI\u0104TEK 8.00-13.00<br \/>\nZadania psychologa:<\/p>\n<p>Dla Ucznia:<\/p>\n<p>rozpoznawanie i wspieranie mocnych stron ucznia;<br \/>\ndiagnoza trudno\u015bci emocjonalnych ucznia;<br \/>\nprowadzenie indywidualnych lub grupowych zaj\u0119\u0107 terapeutycznych z uczniami;<br \/>\nprowadzenie zaj\u0119\u0107 warsztatowych w klasach;<br \/>\nrozmowy, spotkania w razie potrzeb;<br \/>\nprzeciwdzia\u0142anie niepowodzeniom szkolnym;<br \/>\npodejmowanie dzia\u0142a\u0144 mediacyjnych w sprawach wychowawczych;<\/p>\n<p>Dla Rodzica:<\/p>\n<p>indywidualne rozmowy z rodzicami uczni\u00f3w;<br \/>\nudzielanie porad i konsultacji w sprawach wychowawczych;<br \/>\nudzielanie wsparcia w trudnych sytuacjach, pomoc w skierowaniu rodzic\u00f3w do specjalistycznych plac\u00f3wek;<br \/>\nudzielanie informacji zwrotnych na temat rozwoju, post\u0119p\u00f3w i funkcjonowania dziecka, ukierunkowywanie oddzia\u0142ywa\u0144 rodzicielskich;<br \/>\ndzia\u0142ania o charakterze psychoedukacyjnym (dni otwarte, ulotki, gazetka \u015bcienna);<\/p>\n<p>Dla Nauczyciela:<\/p>\n<p>wspieranie w udzielaniu szeroko rozumianej pomocy psychologiczno-pedagogicznej;<br \/>\npomoc w rozpoznawaniu indywidualnych mo\u017cliwo\u015bci, uzdolnie\u0144 i potrzeb uczni\u00f3w;<br \/>\npomoc w okre\u015blaniu form i metod wspierania uczni\u00f3w;<br \/>\nkonsultacje z zespo\u0142em nauczycieli w celu ujednolicenia wsp\u00f3lnych oddzia\u0142ywa\u0144 wobec uczni\u00f3w;<br \/>\ninterwencje wychowawcze w razie potrzeb;<br \/>\npomoc wychowawcy w integrowaniu klasy;<br \/>\nudzielanie wsparcia w trudnych sytuacjach.<\/p>\n<p>Drogi Uczniu, mo\u017cesz zwr\u00f3ci\u0107 si\u0119 do szkolnego psychologa je\u015bli np.:<\/p>\n<p>masz jaki\u015b k\u0142opot i nie wiesz jak sobie z nim poradzi\u0107;<br \/>\nchcia\u0142by\u015b podzieli\u0107 si\u0119 swoja rado\u015bci\u0105 lub sukcesem;<br \/>\nmasz trudno\u015bci w dogadaniu si\u0119 z kolegami czy kole\u017cankami;<br \/>\nnie potrafisz porozumie\u0107 si\u0119 z rodzicami, nauczycielami;<br \/>\nnie czujesz si\u0119 dobrze w swojej klasie;<br \/>\nmartwisz si\u0119 o co\u015b i potrzebujesz pomocy;<br \/>\nczujesz si\u0119 samotny i niezrozumiany;<br \/>\nchcesz podzieli\u0107 si\u0119 radosn\u0105 informacj\u0105;<br \/>\njeste\u015b nie\u015bmia\u0142y i chcia\u0142by\u015b to zmieni\u0107;<br \/>\nmasz trudno\u015bci w nauce;<br \/>\nchcia\u0142by\u015b si\u0119 czego\u015b dowiedzie\u0107 i nie wiesz kogo zapyta\u0107.<\/p>\n","protected":false},"excerpt":{"rendered":"<p>PSYCHOLOG: P. PATRYCJA KOKOSZKA Godziny pracy PSYCHOLOGA w roku szkolnym 2025\/2026. Dni tygodnia i godziny pracy CZWARTEK 8.00-14.00 PI\u0104TEK 8.00-13.00 Zadania psychologa: Dla Ucznia: rozpoznawanie i wspieranie mocnych stron ucznia;<\/p>\n","protected":false},"author":2,"featured_media":0,"parent":0,"menu_order":0,"comment_status":"closed","ping_status":"closed","template":"","meta":{"footnotes":""},"class_list":["post-3585","page","type-page","status-publish","hentry"],"_links":{"self":[{"href":"http:\/\/zstrumiejki.pl\/index.php?rest_route=\/wp\/v2\/pages\/3585","targetHints":{"allow":["GET"]}}],"collection":[{"href":"http:\/\/zstrumiejki.pl\/index.php?rest_route=\/wp\/v2\/pages"}],"about":[{"href":"http:\/\/zstrumiejki.pl\/index.php?rest_route=\/wp\/v2\/types\/page"}],"author":[{"embeddable":true,"href":"http:\/\/zstrumiejki.pl\/index.php?rest_route=\/wp\/v2\/users\/2"}],"replies":[{"embeddable":true,"href":"http:\/\/zstrumiejki.pl\/index.php?rest_route=%2Fwp%2Fv2%2Fcomments&post=3585"}],"version-history":[{"count":3,"href":"http:\/\/zstrumiejki.pl\/index.php?rest_route=\/wp\/v2\/pages\/3585\/revisions"}],"predecessor-version":[{"id":3892,"href":"http:\/\/zstrumiejki.pl\/index.php?rest_route=\/wp\/v2\/pages\/3585\/revisions\/3892"}],"wp:attachment":[{"href":"http:\/\/zstrumiejki.pl\/index.php?rest_route=%2Fwp%2Fv2%2Fmedia&parent=3585"}],"curies":[{"name":"wp","href":"https:\/\/api.w.org\/{rel}","templated":true}]}}