{"id":140,"date":"2013-10-06T18:05:07","date_gmt":"2013-10-06T18:05:07","guid":{"rendered":"http:\/\/zstrumiejki.pl\/?page_id=140"},"modified":"2017-06-23T11:12:01","modified_gmt":"2017-06-23T11:12:01","slug":"osiagniecia-sportowe","status":"publish","type":"page","link":"http:\/\/zstrumiejki.pl\/?page_id=140","title":{"rendered":"Osi\u0105gni\u0119cia sportowe"},"content":{"rendered":"<p><a href=\"http:\/\/zstrumiejki.pl\/?page_id=1650\">Osi\u0105gni\u0119cia sportowe uczni\u00f3w w roku szkolnym 2016\/2017<\/a><br \/>\n<a href=\"http:\/\/zstrumiejki.pl\/?page_id=515\">Osi\u0105gni\u0119cia sportowe uczni\u00f3w w roku szkolnym 2013\/2014<\/a><\/p>\n","protected":false},"excerpt":{"rendered":"<p>Osi\u0105gni\u0119cia sportowe uczni\u00f3w w roku szkolnym 2016\/2017 Osi\u0105gni\u0119cia sportowe uczni\u00f3w w roku szkolnym 2013\/2014<\/p>\n","protected":false},"author":1,"featured_media":0,"parent":0,"menu_order":0,"comment_status":"closed","ping_status":"closed","template":"","meta":{"footnotes":""},"class_list":["post-140","page","type-page","status-publish","hentry"],"_links":{"self":[{"href":"http:\/\/zstrumiejki.pl\/index.php?rest_route=\/wp\/v2\/pages\/140","targetHints":{"allow":["GET"]}}],"collection":[{"href":"http:\/\/zstrumiejki.pl\/index.php?rest_route=\/wp\/v2\/pages"}],"about":[{"href":"http:\/\/zstrumiejki.pl\/index.php?rest_route=\/wp\/v2\/types\/page"}],"author":[{"embeddable":true,"href":"http:\/\/zstrumiejki.pl\/index.php?rest_route=\/wp\/v2\/users\/1"}],"replies":[{"embeddable":true,"href":"http:\/\/zstrumiejki.pl\/index.php?rest_route=%2Fwp%2Fv2%2Fcomments&post=140"}],"version-history":[{"count":6,"href":"http:\/\/zstrumiejki.pl\/index.php?rest_route=\/wp\/v2\/pages\/140\/revisions"}],"predecessor-version":[{"id":1652,"href":"http:\/\/zstrumiejki.pl\/index.php?rest_route=\/wp\/v2\/pages\/140\/revisions\/1652"}],"wp:attachment":[{"href":"http:\/\/zstrumiejki.pl\/index.php?rest_route=%2Fwp%2Fv2%2Fmedia&parent=140"}],"curies":[{"name":"wp","href":"https:\/\/api.w.org\/{rel}","templated":true}]}}